{"type":"FeatureCollection","features":[{"type":"Feature","properties":{"name":"Wystawa \u201e...B\u0119dzie wielka albo nie b\u0119dzie jej wcale. Walka o granice Polski w latach 1918-1921\u201d \u2013 \u0141\u00f3d\u017a, 5-24 listopada 2019","description":"","icon":{"link":"\/dokumenty\/mapy\/79.png","x":15,"y":35,"width":31,"height":35},"img":{"width":100,"height":11,"mini":"\/dokumenty\/mapy\/p_12186_m1.jpg","full":"\/dokumenty\/mapy\/p_12186.jpg"},"link":"\/mn\/maps\/p12186,Wystawa-Bedzie-wielka-albo-nie-bedzie-jej-wcale-Walka-o-granice-Polski-w-latach-.html","url":"https:\/\/mojaniepodlegla.pl\/mn\/aktualnosci\/13188,Prezentacja-wystawy-Bedzie-wielka-albo-nie-bedzie-jej-wcale-Walka-o-granice-Pols.html","address":"Plac Katedralny im. Jana Paw\u0142a II w \u0141odzi","zipcode":"","province":"","county":"","community":"","city":"","phone1":"","phone2":"","fax":"","email":""},"geometry":{"type":"Point","coordinates":[19.369880500000022,51.7974867]}}]}

Wystawa „...Będzie wielka albo nie będzie jej wcale. Walka o granice Polski w latach 1918-1921” – Łódź, 5-24 listopada 2019

Plac Katedralny im. Jana Pawła II w Łodzi
