{"type":"FeatureCollection","features":[{"type":"Feature","properties":{"name":"\u201eAkademia Niepodleg\u0142o\u015bci\u201ddr hab. Tomasz Pud\u0142ocki: \u201eWyzwania polskiej polityki zagranicznej w latach 1918-1923\u201d oraz dr Jerzy Majka: \u201eWile\u0144ska wyprawa\u201d\u0141a\u0144cut \u2013 15 listopada 2019","description":"","icon":{"link":"\/dokumenty\/mapy\/85.png","x":15,"y":41,"width":31,"height":41},"img":{"width":100,"height":65,"mini":"\/dokumenty\/mapy\/p_12189_m1.jpg","full":"\/dokumenty\/mapy\/p_12189.jpg"},"link":"\/mn\/maps\/p12189,Akademia-Niepodlegloscidr-hab-Tomasz-Pudlocki-Wyzwania-polskiej-polityki-zagrani.html","url":"https:\/\/mojaniepodlegla.pl\/mn\/aktualnosci\/13350,Kolejne-spotkanie-w-ramach-projektu-Akademia-Niepodleglosci-w-Lancucie-15-listop.html","address":"ul. Ko\u015bciuszki 2 w \u0141a\u0144cucie","zipcode":"","province":"","county":"","community":"","city":"","phone1":"","phone2":"","fax":"","email":""},"geometry":{"type":"Point","coordinates":[22.231036000000017,50.068385]}}]}

„Akademia Niepodległości”dr hab. Tomasz Pudłocki: „Wyzwania polskiej polityki zagranicznej w latach 1918-1923” oraz dr Jerzy Majka: „Wileńska wyprawa”Łańcut – 15 listopada 2019

ul. Kościuszki 2 w Łańcucie
