{"type":"FeatureCollection","features":[{"type":"Feature","properties":{"name":"\u201eAkademia Niepodleg\u0142o\u015bci\u201d \u2013 dr Krzysztof Kupe\u0107 \u201e Antysemityzm w II RP\u201d \u2013 Zgorzelec 25 lutego 2019","description":"","icon":{"link":"\/dokumenty\/mapy\/85.png","x":15,"y":41,"width":31,"height":41},"img":{"width":100,"height":65,"mini":"\/dokumenty\/mapy\/p_12204_m1.jpg","full":"\/dokumenty\/mapy\/p_12204.jpg"},"link":"\/mn\/maps\/p12204,Akademia-Niepodleglosci-dr-Krzysztof-Kupec-Antysemityzm-w-II-RP-Zgorzelec-25-lut.html","url":"","address":"Zesp\u00f3\u0142 Szk\u00f3\u0142 Og\u00f3lnokszta\u0142c\u0105cych w Zgorzelcu","zipcode":"","province":"","county":"","community":"","city":"","phone1":"","phone2":"","fax":"","email":""},"geometry":{"type":"Point","coordinates":[15.00222980000001,51.1506616]}}]}

„Akademia Niepodległości” – dr Krzysztof Kupeć „ Antysemityzm w II RP” – Zgorzelec 25 lutego 2019

Zespół Szkół Ogólnokształcących w Zgorzelcu
