{"type":"FeatureCollection","features":[{"type":"Feature","properties":{"name":"\u201eAkademia Niepodleg\u0142o\u015bci\u201d dr \u0141ukasz So\u0142tysik \u201eFenomen NSZZ \u201eSolidarno\u015b\u0107\u201d 1980\u20131989 na przyk\u0142adzie Zgorzelca \u2013 Zgorzelec, 21 pa\u017adziernika 2019","description":"","icon":{"link":"\/dokumenty\/mapy\/85.png","x":15,"y":41,"width":31,"height":41},"img":{"width":100,"height":65,"mini":"\/dokumenty\/mapy\/p_12222_m1.jpg","full":"\/dokumenty\/mapy\/p_12222.jpg"},"link":"\/mn\/maps\/p12222,Akademia-Niepodleglosci-dr-Lukasz-Soltysik-Fenomen-NSZZ-Solidarnosc-19801989-na-.html","url":"","address":"Zesp\u00f3\u0142 Szk\u00f3\u0142 Og\u00f3lnokszta\u0142c\u0105cych w Zgorzelcu","zipcode":"","province":"","county":"","community":"","city":"","phone1":"","phone2":"","fax":"","email":""},"geometry":{"type":"Point","coordinates":[15.00222980000001,51.1506616]}}]}

„Akademia Niepodległości” dr Łukasz Sołtysik „Fenomen NSZZ „Solidarność” 1980–1989 na przykładzie Zgorzelca – Zgorzelec, 21 października 2019

Zespół Szkół Ogólnokształcących w Zgorzelcu
