{"type":"FeatureCollection","features":[{"type":"Feature","properties":{"name":"\u201eAkademia Niepodleg\u0142o\u015bci\u201d prof. Piotr Okulewicz \u201eWile\u0144ska wyprawa\u201d oraz \u201eNietypowi sojusznicy\u201d \u2013 NOwy Tomy\u015bl, 2 grudnia 2019","description":"","icon":{"link":"\/dokumenty\/mapy\/85.png","x":15,"y":41,"width":31,"height":41},"img":{"width":100,"height":65,"mini":"\/dokumenty\/mapy\/p_12240_m1.jpg","full":"\/dokumenty\/mapy\/p_12240.jpg"},"link":"\/mn\/maps\/p12240,Akademia-Niepodleglosci-prof-Piotr-Okulewicz-Wilenska-wyprawa-oraz-Nietypowi-soj.html","url":"https:\/\/poznan.ipn.gov.pl\/pl7\/aktualnosci\/83352,Wyklady-prof-Piotra-Okulewicza-w-ramach-Akademii-Niepodleglosci-Nowy-Tomysl-2-gr.html","address":"Wy\u017csza Szko\u0142a Pedagogiki i Administracji im. Mieszka I w Nowym Tomy\u015blu","zipcode":"","province":"","county":"","community":"","city":"","phone1":"","phone2":"","fax":"","email":""},"geometry":{"type":"Point","coordinates":[16.118056499999966,52.321656]}}]}

„Akademia Niepodległości” prof. Piotr Okulewicz „Wileńska wyprawa” oraz „Nietypowi sojusznicy” – NOwy Tomyśl, 2 grudnia 2019

Wyższa Szkoła Pedagogiki i Administracji im. Mieszka I w Nowym Tomyślu
