{"type":"FeatureCollection","features":[{"type":"Feature","properties":{"name":"\u201eAkademia Niepodleg\u0142o\u015bci\u201ddr hab. Olaf Bergmann: \u201eNa paryskim bruku (konferencja pokojowa)\u201d oraz \u201eRoman Dmowski\u201d \u2013 Nowy Tomy\u015bl, 7 pa\u017adziernika 2019","description":"","icon":{"link":"\/dokumenty\/mapy\/85.png","x":15,"y":41,"width":31,"height":41},"img":{"width":100,"height":65,"mini":"\/dokumenty\/mapy\/p_12261_m1.jpg","full":"\/dokumenty\/mapy\/p_12261.jpg"},"link":"\/mn\/maps\/p12261,Akademia-Niepodlegloscidr-hab-Olaf-Bergmann-Na-paryskim-bruku-konferencja-pokojo.html","url":"https:\/\/poznan.ipn.gov.pl\/pl7\/aktualnosci\/77611,Wyklady-dr-hab-Olafa-Bergmanna-w-ramach-Akademii-Niepodleglosci-Nowy-Tomysl-7-pa.html","address":"Wy\u017cszej Szko\u0142y Pedagogiki i Administracji im. Mieszka I w Nowym Tomy\u015blu","zipcode":"","province":"","county":"","community":"","city":"","phone1":"","phone2":"","fax":"","email":""},"geometry":{"type":"Point","coordinates":[16.118056499999966,52.321656]}}]}

„Akademia Niepodległości”dr hab. Olaf Bergmann: „Na paryskim bruku (konferencja pokojowa)” oraz „Roman Dmowski” – Nowy Tomyśl, 7 października 2019

Wyższej Szkoły Pedagogiki i Administracji im. Mieszka I w Nowym Tomyślu
