{"type":"FeatureCollection","features":[{"type":"Feature","properties":{"name":"\u201eAkademia Niepodleg\u0142o\u015bci\u201d Patrycja Leszczy\u0144ska \u201eWielkopolski zryw\u201d, Rados\u0142aw Wnorowski \u201eJ\u00f3zef Dowb\u00f3r-Mu\u015bnicki, Stanis\u0142aw Taczak, Julian Stachiewicz\u201d \u2013 Grajewo, 18 listopada 2019","description":"","icon":{"link":"\/dokumenty\/mapy\/85.png","x":15,"y":41,"width":31,"height":41},"img":{"width":100,"height":65,"mini":"\/dokumenty\/mapy\/p_12264_m1.jpg","full":"\/dokumenty\/mapy\/p_12264.jpg"},"link":"\/mn\/maps\/p12264,Akademia-Niepodleglosci-Patrycja-Leszczynska-Wielkopolski-zryw-Radoslaw-Wnorowsk.html","url":"https:\/\/bialystok.ipn.gov.pl\/pl1\/aktualnosci\/83094,Dwa-wyklady-w-Akademii-Niepodleglosci-Grajewo-18-listopada-2019.html","address":"Grajewskiej Izbie Historycznej","zipcode":"","province":"","county":"","community":"","city":"","phone1":"","phone2":"","fax":"","email":""},"geometry":{"type":"Point","coordinates":[22.454776400000014,53.6522302]}}]}

„Akademia Niepodległości” Patrycja Leszczyńska „Wielkopolski zryw”, Radosław Wnorowski „Józef Dowbór-Muśnicki, Stanisław Taczak, Julian Stachiewicz” – Grajewo, 18 listopada 2019
