{"type":"FeatureCollection","features":[{"type":"Feature","properties":{"name":"\u201eAkademia Niepodleg\u0142o\u015bci\u201d  Karolina Dobek o Orl\u0119tach Lwowskich i bohaterach Zadw\u00f3rza oraz Rados\u0142awa Wnorowskiego o boju o Lw\u00f3w\u201d \u2013 Grajewo, 16 wrze\u015bnia 2019","description":"","icon":{"link":"\/dokumenty\/mapy\/85.png","x":15,"y":41,"width":31,"height":41},"img":{"width":100,"height":65,"mini":"\/dokumenty\/mapy\/p_12267_m1.jpg","full":"\/dokumenty\/mapy\/p_12267.jpg"},"link":"\/mn\/maps\/p12267,Akademia-Niepodleglosci-Karolina-Dobek-o-Orletach-Lwowskich-i-bohaterach-Zadworz.html","url":"https:\/\/bialystok.ipn.gov.pl\/pl1\/aktualnosci\/77110,Spotkanie-z-cyklu-Akademia-Niepodleglosci-Grajewo-16-wrzesnia-2019.html","address":"Grajewskiej Izbie Historycznej.","zipcode":"","province":"","county":"","community":"","city":"","phone1":"","phone2":"","fax":"","email":""},"geometry":{"type":"Point","coordinates":[22.456039247888384,53.65215047]}}]}

„Akademia Niepodległości”  Karolina Dobek o Orlętach Lwowskich i bohaterach Zadwórza oraz Radosława Wnorowskiego o boju o Lwów” – Grajewo, 16 września 2019
