{"type":"FeatureCollection","features":[{"type":"Feature","properties":{"name":"\u201eAkademia Niepodleg\u0142o\u015bci \u201d prof. dr hab. Grzegorz \u0141ukomsk \u201e Wyprawa wile\u0144ska z perspektywy geopolitycznej J\u00f3zefa Pi\u0142sudskiego\u201d, prof. dr hab. Micha\u0142 Klimecki  \u201eSojusznicy Rzeczypospolitej w wojnie 1919-1920 z bolszewick\u0105 Rosj\u0105\u2013 Cieszyn, 22 listopada 2019","description":"","icon":{"link":"\/dokumenty\/mapy\/85.png","x":15,"y":41,"width":31,"height":41},"img":{"width":100,"height":65,"mini":"\/dokumenty\/mapy\/p_12279_m1.jpg","full":"\/dokumenty\/mapy\/p_12279.jpg"},"link":"\/mn\/maps\/p12279,Akademia-Niepodleglosci-prof-dr-hab-Grzegorz-Lukomsk-Wyprawa-wilenska-z-perspekt.html","url":"https:\/\/katowice.ipn.gov.pl\/pl3\/aktualnosci\/82788,Akademia-Niepodleglosci-w-Cieszynie-22-listopada-2019.html","address":"ul. Mennicza 46 cieszyn","zipcode":"","province":"","county":"","community":"","city":"","phone1":"","phone2":"","fax":"","email":""},"geometry":{"type":"Point","coordinates":[18.630143610537516,49.75012608]}}]}

„Akademia Niepodległości ” prof. dr hab. Grzegorz Łukomsk „ Wyprawa wileńska z perspektywy geopolitycznej Józefa Piłsudskiego”, prof. dr hab. Michał Klimecki  „Sojusznicy Rzeczypospolitej w wojnie 1919-1920 z bolszewicką Rosją– Cieszyn, 22 listopada 2019
