{"type":"FeatureCollection","features":[{"type":"Feature","properties":{"name":"\u201eAkademia NIepodleg\u0142osci\u201d Waldemara Tyszuka o konferencji pokojowej w Pary\u017cu oraz Paw\u0142a Murawskiego o wyprawie wile\u0144skiej \u2013 Grajewo 9 grudnia 2019","description":"","icon":{"link":"\/dokumenty\/mapy\/85.png","x":15,"y":41,"width":31,"height":41},"img":{"width":100,"height":65,"mini":"\/dokumenty\/mapy\/p_12546_m1.jpg","full":"\/dokumenty\/mapy\/p_12546.jpg"},"link":"\/mn\/maps\/p12546,Akademia-NIepodleglosci-Waldemara-Tyszuka-o-konferencji-pokojowej-w-Paryzu-oraz-.html","url":"https:\/\/bialystok.ipn.gov.pl\/pl1\/aktualnosci\/84324,Spotkanie-z-cyklu-Akademia-Niepodleglosci-Grajewo-9-grudnia-2019.html","address":"E\u0142cka 30, grajewo","zipcode":"","province":"","county":"","community":"","city":"","phone1":"","phone2":"","fax":"","email":""},"geometry":{"type":"Point","coordinates":[22.45476640000004,55.652186699]}}]}

„Akademia NIepodległosci” Waldemara Tyszuka o konferencji pokojowej w Paryżu oraz Pawła Murawskiego o wyprawie wileńskiej – Grajewo 9 grudnia 2019

Ełcka 30, grajewo
