{"type":"FeatureCollection","features":[{"type":"Feature","properties":{"name":"\u201eAkademia Niepodleg\u0142o\u015bci\u201d wyk\u0142ad nauguracyjny \u2013 prof. dr hab. Janusz Cisek, \u201eNiepodleg\u0142o\u015b\u0107 1918 i 1989 \u2013 podobie\u0144stwa i r\u00f3\u017cnice\u201d \u2013 \u0141a\u0144cut, 11 grudnia 2017","description":"","icon":{"link":"\/dokumenty\/mapy\/85.png","x":15,"y":41,"width":31,"height":41},"img":{"width":100,"height":65,"mini":"\/dokumenty\/mapy\/p_1942_m1.jpg","full":"\/dokumenty\/mapy\/p_1942.jpg"},"link":"\/mn\/maps\/p1942,Akademia-Niepodleglosci-wyklad-nauguracyjny-prof-dr-hab-Janusz-Cisek-Niepodleglo.html","url":"https:\/\/mojaniepodlegla.pl\/mn\/aktualnosci\/2770,Inauguracja-Akademii-Niepodleglosci-Lancut-11-grudnia-2017.html","address":"ul. Ko\u015bciuszki 2, \u0141a\u0144cut","zipcode":"","province":"","county":"","community":"","city":"","phone1":"","phone2":"","fax":"","email":""},"geometry":{"type":"Point","coordinates":[22.231036000000017,50.068111]}}]}

„Akademia Niepodległości” wykład nauguracyjny – prof. dr hab. Janusz Cisek, „Niepodległość 1918 i 1989 – podobieństwa i różnice” – Łańcut, 11 grudnia 2017

ul. Kościuszki 2, Łańcut
