{"type":"FeatureCollection","features":[{"type":"Feature","properties":{"name":"\u201eAkademia Niepodleg\u0142o\u015bci\u201d wyk\u0142ad inauguracyjny \u2013 dr Piotr Kila\u0144czyk: \u201eJ\u00f3zef Pi\u0142sudski i jego kontynuacje tradycji powsta\u0144czych\u201d \u2013 Piotrk\u00f3w Trybunalski, 11 grudnia 2017","description":"","icon":{"link":"\/dokumenty\/mapy\/85.png","x":15,"y":41,"width":31,"height":41},"img":{"width":100,"height":65,"mini":"\/dokumenty\/mapy\/p_1948_m1.jpg","full":"\/dokumenty\/mapy\/p_1948.jpg"},"link":"\/mn\/maps\/p1948,Akademia-Niepodleglosci-wyklad-inauguracyjny-dr-Piotr-Kilanczyk-Jozef-Pilsudski-.html","url":"https:\/\/mojaniepodlegla.pl\/mn\/aktualnosci\/2851,Inauguracja-Akademii-Niepodleglosci-w-ramach-obchodow-100-rocznicy-odzyskania-ni.html","address":"S\u0142owackiego 114\/118, 97-300 Piotrk\u00f3w Trybunalski","zipcode":"","province":"","county":"","community":"","city":"","phone1":"","phone2":"","fax":"","email":""},"geometry":{"type":"Point","coordinates":[19.669954899999993,51.4089699]}}]}

„Akademia Niepodległości” wykład inauguracyjny – dr Piotr Kilańczyk: „Józef Piłsudski i jego kontynuacje tradycji powstańczych” – Piotrków Trybunalski, 11 grudnia 2017

Słowackiego 114/118, 97-300 Piotrków Trybunalski
