{"type":"FeatureCollection","features":[{"type":"Feature","properties":{"name":"\u201eDroga do Niepodleg\u0142ej\u201d, lekcja Edyty Kr\u0119\u017co\u0142ek podczas spotkania patriotycznego dla uczni\u00f3w \u201eKorow\u00f3d Niepodleg\u0142o\u015bci\u201d \u2013 W\u0142oszczowa, 20 listopada 2017","description":"","icon":{"link":"\/dokumenty\/mapy\/94.png","x":18,"y":43,"width":36,"height":43},"img":{"width":100,"height":36,"mini":"\/dokumenty\/mapy\/p_1969_m1.jpg","full":"\/dokumenty\/mapy\/p_1969.jpg"},"link":"\/mn\/maps\/p1969,Droga-do-Niepodleglej-lekcja-Edyty-Krezolek-podczas-spotkania-patriotycznego-dla.html","url":"https:\/\/mojaniepodlegla.pl\/mn\/wydarzenia-plenerowe\/2674,Droga-do-Niepodleglej-lekcja-Edyty-Krezolek-podczas-spotkania-patriotycznego-dla.html","address":"ul. Wi\u015bniowa 9, W\u0142oszczowa","zipcode":"","province":"","county":"","community":"","city":"","phone1":"","phone2":"","fax":"","email":""},"geometry":{"type":"Point","coordinates":[19.973258999999985,50.850896]}}]}

„Droga do Niepodległej”, lekcja Edyty Krężołek podczas spotkania patriotycznego dla uczniów „Korowód Niepodległości” – Włoszczowa, 20 listopada 2017

ul. Wiśniowa 9, Włoszczowa
