{"type":"FeatureCollection","features":[{"type":"Feature","properties":{"name":"\u201eAkademia Niepodleg\u0142o\u015bci\u201d wyk\u0142ad inauguracyjny \u2013 dr hab. Karol Sacewicz, \u201eSocjalistyczna irredenta\u201d i \u201ePa\u0144stwowotw\u00f3rczy wysi\u0142ek przed listopadem 1918 r.\u201d\u2013 Gietrzwa\u0142d, 11 grudnia 2017","description":"","icon":{"link":"\/dokumenty\/mapy\/85.png","x":15,"y":41,"width":31,"height":41},"img":{"width":100,"height":65,"mini":"\/dokumenty\/mapy\/p_1978_m1.jpg","full":"\/dokumenty\/mapy\/p_1978.jpg"},"link":"\/mn\/maps\/p1978,Akademia-Niepodleglosci-wyklad-inauguracyjny-dr-hab-Karol-Sacewicz-Socjalistyczn.html","url":"https:\/\/mojaniepodlegla.pl\/mn\/aktualnosci\/2950,Inauguracja-Akademii-Niepodleglosci-Gietrzwald-11-grudnia-2017.html","address":"Ko\u015bcielna 1, 11-036 Gietrzwa\u0142d","zipcode":"","province":"","county":"","community":"","city":"","phone1":"","phone2":"","fax":"","email":""},"geometry":{"type":"Point","coordinates":[20.23566900000003,53.747426]}}]}

„Akademia Niepodległości” wykład inauguracyjny – dr hab. Karol Sacewicz, „Socjalistyczna irredenta” i „Państwowotwórczy wysiłek przed listopadem 1918 r.”– Gietrzwałd, 11 grudnia 2017

Kościelna 1, 11-036 Gietrzwałd
