{"type":"FeatureCollection","features":[{"type":"Feature","properties":{"name":"\u201eAkademia Niepodleg\u0142o\u015bci\u201d dr hab. Tadeusz Zych:  \u201eDru\u017cyniacy i strzelcy\u201d, Piotr Chmielowiec: \u201eOd Zwi\u0105zku Strzeleckiego do Legion\u00f3w Polskich - wybrane \u017cyciorysy z powiatu \u0142a\u0144cuckiego\u201d \u2013 \u0141a\u0144cut, 23 marca 2018","description":"","icon":{"link":"\/dokumenty\/mapy\/85.png","x":15,"y":41,"width":31,"height":41},"img":{"width":100,"height":65,"mini":"\/dokumenty\/mapy\/p_1999_m1.jpg","full":"\/dokumenty\/mapy\/p_1999.jpg"},"link":"\/mn\/maps\/p1999,Akademia-Niepodleglosci-dr-hab-Tadeusz-Zych-Druzyniacy-i-strzelcy-Piotr-Chmielow.html","url":"https:\/\/mojaniepodlegla.pl\/mn\/aktualnosci\/2761,Kolejna-odslona-Akademii-Niepodleglosci-Lancut-23-marca-2018-r.html","address":"ul. Ko\u015bciuszki 2,\u0141a\u0144cut","zipcode":"","province":"","county":"","community":"","city":"","phone1":"","phone2":"","fax":"","email":""},"geometry":{"type":"Point","coordinates":[22.231036000000017,50.068385]}}]}

„Akademia Niepodległości” dr hab. Tadeusz Zych:  „Drużyniacy i strzelcy”, Piotr Chmielowiec: „Od Związku Strzeleckiego do Legionów Polskich - wybrane życiorysy z powiatu łańcuckiego” – Łańcut, 23 marca 2018

ul. Kościuszki 2,Łańcut
