{"type":"FeatureCollection","features":[{"type":"Feature","properties":{"name":"Panel dyskusyjny \u201eO Nasz\u0105 Niepodleg\u0142\u0105\u201d \u2013 udzia\u0142 ziemian w walkach o odzyskanie niepodleg\u0142o\u015bci \u2013 Kielce, 9 marca","description":"","icon":{"link":"\/dokumenty\/mapy\/88.png","x":14,"y":42,"width":39,"height":42},"img":[],"link":"\/mn\/maps\/p2002,Panel-dyskusyjny-O-Nasza-Niepodlegla-udzial-ziemian-w-walkach-o-odzyskanie-niepo.html","url":"https:\/\/mojaniepodlegla.pl\/mn\/aktualnosci\/2494,Panel-dyskusyjny-O-Nasza-Niepodlegla-udzial-ziemian-w-walkach-o-odzyskanie-niepo.html","address":"Kielce ul. Warszawskiej 5","zipcode":"","province":"","county":"","community":"","city":"","phone1":"","phone2":"","fax":"","email":""},"geometry":{"type":"Point","coordinates":[20.63225399999999,50.8729065]}}]}

Panel dyskusyjny „O Naszą Niepodległą” – udział ziemian w walkach o odzyskanie niepodległości – Kielce, 9 marca
