{"type":"FeatureCollection","features":[{"type":"Feature","properties":{"name":"\u201eAkademia Niepodleg\u0142o\u015bci\u201d \u2013 \u201ePolski wiek XIX - wiek powsta\u0144\u201d i \u201eJ\u00f3zef Pi\u0142sudski, jako tw\u00f3rca Polski Niepodleg\u0142ej\u201d \u2013 Krasnystaw, 27 lutego 2018","description":" ","icon":{"link":"\/dokumenty\/mapy\/85.png","x":15,"y":41,"width":31,"height":41},"img":{"width":100,"height":65,"mini":"\/dokumenty\/mapy\/p_2011_m1.jpg","full":"\/dokumenty\/mapy\/p_2011.jpg"},"link":"\/mn\/maps\/p2011,Akademia-Niepodleglosci-Polski-wiek-XIX-wiek-powstan-i-Jozef-Pilsudski-jako-twor.html","url":"https:\/\/mojaniepodlegla.pl\/mn\/aktualnosci\/2887,Akademia-Niepodleglosci-Polski-wiek-XIX-wiek-powstan-i-Jozef-Pilsudski-jako-twor.html","address":"Pi\u0142sudskiego 5A, 22-300 Krasnystaw","zipcode":"","province":"","county":"","community":"","city":"","phone1":"","phone2":"","fax":"","email":""},"geometry":{"type":"Point","coordinates":[23.17034979999994,50.982407599]}}]}

„Akademia Niepodległości” – „Polski wiek XIX - wiek powstań” i „Józef Piłsudski, jako twórca Polski Niepodległej” – Krasnystaw, 27 lutego 2018

Piłsudskiego 5A, 22-300 Krasnystaw
