{"type":"FeatureCollection","features":[{"type":"Feature","properties":{"name":"\u201eAkademia Niepodleg\u0142o\u015bci\u201d \u2013 prof. dr hab. Janusz Odziemkowski:  \u201eSocjalistyczna irredenta\u201d, dr Jacek Magdo\u0144: \u201e\u00bbPromie\u0144\u00ab Niepodleg\u0142o\u015bci \u2013 \u0141a\u0144cut, 23 lutego 2018","description":"","icon":{"link":"\/dokumenty\/mapy\/85.png","x":15,"y":41,"width":31,"height":41},"img":{"width":100,"height":65,"mini":"\/dokumenty\/mapy\/p_2017_m1.jpg","full":"\/dokumenty\/mapy\/p_2017.jpg"},"link":"\/mn\/maps\/p2017,Akademia-Niepodleglosci-prof-dr-hab-Janusz-Odziemkowski-Socjalistyczna-irredenta.html","url":"https:\/\/mojaniepodlegla.pl\/mn\/aktualnosci\/2755,Drugie-spotkanie-z-cyklu-Akademii-Niepodleglosci-Lancut-23-lutego-2018.html","address":"Ko\u015bciuszki 2 w \u0141a\u0144cucie","zipcode":"","province":"","county":"","community":"","city":"","phone1":"","phone2":"","fax":"","email":""},"geometry":{"type":"Point","coordinates":[22.231036000000017,50.068999]}}]}

„Akademia Niepodległości” – prof. dr hab. Janusz Odziemkowski:  „Socjalistyczna irredenta”, dr Jacek Magdoń: „»Promień« Niepodległości – Łańcut, 23 lutego 2018

Kościuszki 2 w Łańcucie
