{"type":"FeatureCollection","features":[{"type":"Feature","properties":{"name":"\u201eAkademia Niepodleg\u0142o\u015bci\u201d dr hab. Marcin Kruszy\u0144ski: \u201ePolski wiek XIX \u2013 wiek powsta\u0144\u201d \u2013 \u015awidnik, 15 lutego 2018","description":"","icon":{"link":"\/dokumenty\/mapy\/85.png","x":15,"y":41,"width":31,"height":41},"img":{"width":100,"height":65,"mini":"\/dokumenty\/mapy\/p_2035_m1.jpg","full":"\/dokumenty\/mapy\/p_2035.jpg"},"link":"\/mn\/maps\/p2035,Akademia-Niepodleglosci-dr-hab-Marcin-Kruszynski-Polski-wiek-XIX-wiek-powstan-Sw.html","url":"https:\/\/mojaniepodlegla.pl\/mn\/aktualnosci\/2905,Akademia-Niepodleglosci-w-Swidniku-15-lutego-2018.html","address":"\u015bwidnik niepodleg\u0142o\u015bci 13","zipcode":"","province":"","county":"","community":"","city":"","phone1":"","phone2":"","fax":"","email":""},"geometry":{"type":"Point","coordinates":[22.693596999999954,51.2201509]}}]}

„Akademia Niepodległości” dr hab. Marcin Kruszyński: „Polski wiek XIX – wiek powstań” – Świdnik, 15 lutego 2018

świdnik niepodległości 13
