{"type":"FeatureCollection","features":[{"type":"Feature","properties":{"name":"Ods\u0142oni\u0119cie pomnika po\u015bwi\u0119conego walcz\u0105cym o wolno\u015b\u0107 i niepodleg\u0142o\u015b\u0107 \u2013 \u0141apan\u00f3w, 18 marca 2018","description":"","icon":{"link":"\/dokumenty\/mapy\/106.png","x":15,"y":37,"width":31,"height":37},"img":{"width":100,"height":67,"mini":"\/dokumenty\/mapy\/p_2155_m1.jpg","full":"\/dokumenty\/mapy\/p_2155.jpg"},"link":"\/mn\/maps\/p2155,Odsloniecie-pomnika-poswieconego-walczacym-o-wolnosc-i-niepodleglosc-Lapanow-18-.html","url":"https:\/\/mojaniepodlegla.pl\/mn\/upamietnianie\/3730,W-Lapanowie-odslonieto-pomnik-poswiecony-walczacym-o-wolnosc-i-niepodleglosc.html","address":"\u0142apan\u00f3w","zipcode":"","province":"","county":"","community":"","city":"","phone1":"","phone2":"","fax":"","email":""},"geometry":{"type":"Point","coordinates":[20.313225200000034,49.8709627]}}]}

Odsłonięcie pomnika poświęconego walczącym o wolność i niepodległość – Łapanów, 18 marca 2018

łapanów
