{"type":"FeatureCollection","features":[{"type":"Feature","properties":{"name":"\u201eAkademia Niepodleg\u0142o\u015bci\u201d wyk\u0142ad: prof. Tomasz G\u0142owi\u0144ski: \u201eSocjalistyczna irredenta\u201d i \u201eSylwetki bojowc\u00f3w\u201d  \u2013 Jawor, 12 lutego 2018","description":"","icon":{"link":"\/dokumenty\/mapy\/85.png","x":15,"y":41,"width":31,"height":41},"img":{"width":100,"height":65,"mini":"\/dokumenty\/mapy\/p_2167_m1.jpg","full":"\/dokumenty\/mapy\/p_2167.jpg"},"link":"\/mn\/maps\/p2167,Akademia-Niepodleglosci-wyklad-prof-Tomasz-Glowinski-Socjalistyczna-irredenta-i-.html","url":"https:\/\/mojaniepodlegla.pl\/mn\/aktualnosci\/2725,Akademia-Niepodleglosci-Jawor-12-lutego-2018.html","address":"Jawor ko\u015bciuszki 8","zipcode":"","province":"","county":"","community":"","city":"","phone1":"","phone2":"","fax":"","email":""},"geometry":{"type":"Point","coordinates":[16.195430200000033,51.0465]}}]}

„Akademia Niepodległości” wykład: prof. Tomasz Głowiński: „Socjalistyczna irredenta” i „Sylwetki bojowców”  – Jawor, 12 lutego 2018

Jawor kościuszki 8
