{"type":"FeatureCollection","features":[{"type":"Feature","properties":{"name":"\u201eAkademia Niepodleg\u0142o\u015bci\u201d dr hab. Piotr Szlanta: \u201eSocjalistyczna irredenta \u2013 walka J\u00f3zefa Pi\u0142sudskiego o niepodleg\u0142o\u015b\u0107 w latach 1904\u20131908\u201d \u2013 Ciechan\u00f3w, 22 lutego 2018","description":"","icon":{"link":"\/dokumenty\/mapy\/85.png","x":15,"y":41,"width":31,"height":41},"img":{"width":100,"height":65,"mini":"\/dokumenty\/mapy\/p_2182_m1.jpg","full":"\/dokumenty\/mapy\/p_2182.jpg"},"link":"\/mn\/maps\/p2182,Akademia-Niepodleglosci-dr-hab-Piotr-Szlanta-Socjalistyczna-irredenta-walka-Joze.html","url":"https:\/\/mojaniepodlegla.pl\/mn\/aktualnosci\/3880,Inauguracja-cyklu-Akademia-Niepodleglosci-Ciechanow-22-lutego-2018.html","address":"ciechan\u00f3w Warszawska 61","zipcode":"","province":"","county":"","community":"","city":"","phone1":"","phone2":"","fax":"","email":""},"geometry":{"type":"Point","coordinates":[20.61797690000003,52.85]}}]}

„Akademia Niepodległości” dr hab. Piotr Szlanta: „Socjalistyczna irredenta – walka Józefa Piłsudskiego o niepodległość w latach 1904–1908” – Ciechanów, 22 lutego 2018

ciechanów Warszawska 61
