{"type":"FeatureCollection","features":[{"type":"Feature","properties":{"name":"\u201eAkademia Niepodleg\u0142o\u015bci\u201d dr hab. Piotr Szlanta: \u201eJ\u00f3zef Pi\u0142sudski. Przygotowania do I wojny \u015bwiatowej. Dru\u017cyniacy i strzelcy\u201d \u2013 Ciechan\u00f3w, 26 kwietnia 2018","description":"","icon":{"link":"\/dokumenty\/mapy\/85.png","x":15,"y":41,"width":31,"height":41},"img":{"width":100,"height":65,"mini":"\/dokumenty\/mapy\/p_2188_m1.jpg","full":"\/dokumenty\/mapy\/p_2188.jpg"},"link":"\/mn\/maps\/p2188,Akademia-Niepodleglosci-dr-hab-Piotr-Szlanta-Jozef-Pilsudski-Przygotowania-do-I-.html","url":"https:\/\/mojaniepodlegla.pl\/mn\/aktualnosci\/3877,Jozef-Pilsudski-Przygotowania-do-I-wojny-swiatowej-Druzyniacy-i-strzelcy-wyklad-.html","address":"ciechan\u00f3w Warszawska 61","zipcode":"","province":"","county":"","community":"","city":"","phone1":"","phone2":"","fax":"","email":""},"geometry":{"type":"Point","coordinates":[20.61797690000003,52.876506]}}]}

„Akademia Niepodległości” dr hab. Piotr Szlanta: „Józef Piłsudski. Przygotowania do I wojny światowej. Drużyniacy i strzelcy” – Ciechanów, 26 kwietnia 2018

ciechanów Warszawska 61
