{"type":"FeatureCollection","features":[{"type":"Feature","properties":{"name":"\u201eAkademia Niepodleg\u0142o\u015bci\u201d dr Zbigniew Girzy\u0144ski:  \u201eJ\u00f3zef Pi\u0142sudski \u2013 Rodzina, Dzieci\u0144stwo i M\u0142odo\u015b\u0107\u201d \u2013 Dzia\u0142dowo, 17 stycznia 2018","description":"","icon":{"link":"\/dokumenty\/mapy\/85.png","x":15,"y":41,"width":31,"height":41},"img":{"width":100,"height":65,"mini":"\/dokumenty\/mapy\/p_2215_m1.jpg","full":"\/dokumenty\/mapy\/p_2215.jpg"},"link":"\/mn\/maps\/p2215,Akademia-Niepodleglosci-dr-Zbigniew-Girzynski-Jozef-Pilsudski-Rodzina-Dziecinstw.html","url":"https:\/\/mojaniepodlegla.pl\/mn\/aktualnosci\/3949,Drugie-spotkanie-z-cyklu-Akademia-Niepodleglosci-o-Marszalku-Jozefie-Pilsudskim-.html","address":"Dzia\u0142dowo polna 11a","zipcode":"","province":"","county":"","community":"","city":"","phone1":"","phone2":"","fax":"","email":""},"geometry":{"type":"Point","coordinates":[20.16790089999995,53.2309442]}}]}

„Akademia Niepodległości” dr Zbigniew Girzyński:  „Józef Piłsudski – Rodzina, Dzieciństwo i Młodość” – Działdowo, 17 stycznia 2018

Działdowo polna 11a
