{"type":"FeatureCollection","features":[{"type":"Feature","properties":{"name":"\u201eAkademia Niepodleg\u0142o\u015bci\u201d prof. W\u0142odzimierz Suleja: \u201eSocjalistyczna irredenta\u201d, dr Mi\u0142osz Skrzypek: \u201eCieszy\u0144skie drogi do Niepodleg\u0142o\u015bci\u201d \u2013 Cieszyn, 22 stycznia 2018","description":"","icon":{"link":"\/dokumenty\/mapy\/85.png","x":15,"y":41,"width":31,"height":41},"img":{"width":100,"height":65,"mini":"\/dokumenty\/mapy\/p_2227_m1.jpg","full":"\/dokumenty\/mapy\/p_2227.jpg"},"link":"\/mn\/maps\/p2227,Akademia-Niepodleglosci-prof-Wlodzimierz-Suleja-Socjalistyczna-irredenta-dr-Milo.html","url":"https:\/\/mojaniepodlegla.pl\/mn\/aktualnosci\/2821,Wyklady-prof-Wlodzimierza-Sulei-i-dr-Milosza-Skrzypka-w-ramach-Akademii-Niepodle.html","address":"Cieszyn Mennicza 46","zipcode":"","province":"","county":"","community":"","city":"","phone1":"","phone2":"","fax":"","email":""},"geometry":{"type":"Point","coordinates":[18.62946199999999,49.7502347]}}]}

„Akademia Niepodległości” prof. Włodzimierz Suleja: „Socjalistyczna irredenta”, dr Miłosz Skrzypek: „Cieszyńskie drogi do Niepodległości” – Cieszyn, 22 stycznia 2018
