{"type":"FeatureCollection","features":[{"type":"Feature","properties":{"name":"\u201eAkademia Niepodleg\u0142o\u015bci\u201d prof. Jan Ptak: \u201eDru\u017cyniacy i Strzelcy&amp;quot; oraz \u201eZbiorowy portret uczestnik\u00f3w ruchu paramilitarnego\u201d \u2013 \u015awidnik, 25 kwietnia 2018","description":"","icon":{"link":"\/dokumenty\/mapy\/85.png","x":15,"y":41,"width":31,"height":41},"img":{"width":100,"height":65,"mini":"\/dokumenty\/mapy\/p_2236_m1.jpg","full":"\/dokumenty\/mapy\/p_2236.jpg"},"link":"\/mn\/maps\/p2236,Akademia-Niepodleglosci-prof-Jan-Ptak-Druzyniacy-i-Strzelcyquot-oraz-Zbiorowy-po.html","url":"https:\/\/mojaniepodlegla.pl\/mn\/aktualnosci\/3778,Akademia-Niepodleglosci-Druzyniacy-i-Strzelcyquot-oraz-Zbiorowy-portret-uczestni.html","address":"\u015bwidnik niepodleg\u0142o\u015bci 13","zipcode":"","province":"","county":"","community":"","city":"","phone1":"","phone2":"","fax":"","email":""},"geometry":{"type":"Point","coordinates":[22.699303900000018,51.2196888]}}]}

„Akademia Niepodległości” prof. Jan Ptak: „Drużyniacy i Strzelcy&amp;quot; oraz „Zbiorowy portret uczestników ruchu paramilitarnego” – Świdnik, 25 kwietnia 2018

świdnik niepodległości 13
