{"type":"FeatureCollection","features":[{"type":"Feature","properties":{"name":"\u201eAkademia Niepodleg\u0142o\u015bci\u201d dr hab. Tomasz Panfil: \u201eJ\u00f3zef Pi\u0142sudski \u2013 tw\u00f3rca niepodleg\u0142o\u015bci\u201d \u2013 \u015awidnik, 24 stycznia 2018","description":"","icon":{"link":"\/dokumenty\/mapy\/85.png","x":15,"y":41,"width":31,"height":41},"img":{"width":100,"height":65,"mini":"\/dokumenty\/mapy\/p_2239_m1.jpg","full":"\/dokumenty\/mapy\/p_2239.jpg"},"link":"\/mn\/maps\/p2239,Akademia-Niepodleglosci-dr-hab-Tomasz-Panfil-Jozef-Pilsudski-tworca-niepodleglos.html","url":"https:\/\/mojaniepodlegla.pl\/mn\/aktualnosci\/2905,Akademia-Niepodleglosci-w-Swidniku-15-lutego-2018.html","address":"\u015bwidnik wyszy\u0144skiego 17","zipcode":"","province":"","county":"","community":"","city":"","phone1":"","phone2":"","fax":"","email":""},"geometry":{"type":"Point","coordinates":[22.69810670000004,51.2166952]}}]}

„Akademia Niepodległości” dr hab. Tomasz Panfil: „Józef Piłsudski – twórca niepodległości” – Świdnik, 24 stycznia 2018

świdnik wyszyńskiego 17
