{"type":"FeatureCollection","features":[{"type":"Feature","properties":{"name":"\u201eAkademia Niepodleg\u0142o\u015bci\u201d prof. Andrzej Chwalba \u201eLegionowy wysi\u0142ek\u201d oraz dr Jerzy Kirszak \u201eGenera\u0142 Kazimierz Sosnkowski \u2013 wsp\u00f3\u0142tw\u00f3rca niepodleg\u0142o\u015bci\u201d \u2013 Cieszyn, 22 maja 2018","description":"","icon":{"link":"\/dokumenty\/mapy\/85.png","x":15,"y":41,"width":31,"height":41},"img":{"width":100,"height":65,"mini":"\/dokumenty\/mapy\/p_2242_m1.jpg","full":"\/dokumenty\/mapy\/p_2242.jpg"},"link":"\/mn\/maps\/p2242,Akademia-Niepodleglosci-prof-Andrzej-Chwalba-Legionowy-wysilek-oraz-dr-Jerzy-Kir.html","url":"https:\/\/mojaniepodlegla.pl\/mn\/aktualnosci\/3784,Akademia-Niepodleglosci-w-Cieszynie-22-maja-2018.html","address":"Cieszyn, Mennicza 46","zipcode":"","province":"","county":"","community":"","city":"","phone1":"","phone2":"","fax":"","email":""},"geometry":{"type":"Point","coordinates":[18.62946199999999,49.7502349]}}]}

„Akademia Niepodległości” prof. Andrzej Chwalba „Legionowy wysiłek” oraz dr Jerzy Kirszak „Generał Kazimierz Sosnkowski – współtwórca niepodległości” – Cieszyn, 22 maja 2018
