{"type":"FeatureCollection","features":[{"type":"Feature","properties":{"name":"\u201eAkademia Niepodleg\u0142o\u015bci\u201d prof. Piotr Okulewicz: \u201eSocjalistyczna irredenta\u201d i \u201eBojowcy\u201d \u2013 Nowy Tomy\u015bl, 30 stycznia 2018","description":"","icon":{"link":"\/dokumenty\/mapy\/85.png","x":15,"y":41,"width":31,"height":41},"img":{"width":100,"height":65,"mini":"\/dokumenty\/mapy\/p_2257_m1.jpg","full":"\/dokumenty\/mapy\/p_2257.jpg"},"link":"\/mn\/maps\/p2257,Akademia-Niepodleglosci-prof-Piotr-Okulewicz-Socjalistyczna-irredenta-i-Bojowcy-.html","url":"https:\/\/mojaniepodlegla.pl\/mn\/aktualnosci\/3802,Wyklady-prof-Piotra-Okulewicza-w-ramach-Akademii-Niepodleglosci-Nowy-Tomysl-30-s.html","address":"Nowy Tomy\u015bl Os. P\u00f3\u0142noc 37a","zipcode":"","province":"","county":"","community":"","city":"","phone1":"","phone2":"","fax":"","email":""},"geometry":{"type":"Point","coordinates":[16.118484999999964,52.322094]}}]}

„Akademia Niepodległości” prof. Piotr Okulewicz: „Socjalistyczna irredenta” i „Bojowcy” – Nowy Tomyśl, 30 stycznia 2018

Nowy Tomyśl Os. Północ 37a
