{"type":"FeatureCollection","features":[{"type":"Feature","properties":{"name":"\u201eAkademia Niepodleg\u0142o\u015bci\u201d prof. dr hab. Mariusz Wo\u0142os: \u201eLegionowy wysi\u0142ek\u201d oraz dr Jerzy Kirszak: \u201eKazimierz Sosnkowski-wsp\u00f3\u0142tw\u00f3rca Niepodleg\u0142o\u015bci\u201d \u2013 \u0141a\u0144cut, 18 maja 2018","description":"","icon":{"link":"\/dokumenty\/mapy\/85.png","x":15,"y":41,"width":31,"height":41},"img":{"width":100,"height":65,"mini":"\/dokumenty\/mapy\/p_2302_m1.jpg","full":"\/dokumenty\/mapy\/p_2302.jpg"},"link":"\/mn\/maps\/p2302,Akademia-Niepodleglosci-prof-dr-hab-Mariusz-Wolos-Legionowy-wysilek-oraz-dr-Jerz.html","url":"https:\/\/mojaniepodlegla.pl\/mn\/aktualnosci\/3865,Podkarpacka-Akademia-Niepodleglosci-Zapraszamy-na-dwa-kolejne-wyklady-Lancut-18-.html","address":"\u0142a\u0144cut ko\u015bciuszki 2","zipcode":"","province":"","county":"","community":"","city":"","phone1":"","phone2":"","fax":"","email":""},"geometry":{"type":"Point","coordinates":[22.231036000000017,50.068666]}}]}

„Akademia Niepodległości” prof. dr hab. Mariusz Wołos: „Legionowy wysiłek” oraz dr Jerzy Kirszak: „Kazimierz Sosnkowski-współtwórca Niepodległości” – Łańcut, 18 maja 2018

łańcut kościuszki 2
