{"type":"FeatureCollection","features":[{"type":"Feature","properties":{"name":"\u201eAkademia Niepodleg\u0142o\u015bci\u201d, Sebastian Nowakowski:  \u201eMarsza\u0142ek J\u00f3zef Pi\u0142sudski, jeden z tw\u00f3rc\u00f3w Niepodleg\u0142ej\u201d, dr Marek Pacholec \u2013 wyk\u0142ad o polskich dzia\u0142aczach niepodleg\u0142o\u015bciowych podczas akcji plebiscytowej na Warmii i Mazurach \u2013 Nidzica, 21 maja 2018","description":"","icon":{"link":"\/dokumenty\/mapy\/109.png","x":14,"y":14,"width":24,"height":24},"img":{"width":100,"height":65,"mini":"\/dokumenty\/mapy\/p_2344_m1.jpg","full":"\/dokumenty\/mapy\/p_2344.jpg"},"link":"\/mn\/maps\/p2344,Akademia-Niepodleglosci-Sebastian-Nowakowski-Marszalek-Jozef-Pilsudski-jeden-z-t.html","url":"https:\/\/mojaniepodlegla.pl\/mn\/aktualnosci\/3937,Wernisaz-wystawy-Ojcowie-Niepodleglosci-i-prelekcje-na-otwarcie-Akademii-Niepodl.html","address":"Nidzica zamkowa 2","zipcode":"","province":"","county":"","community":"","city":"","phone1":"","phone2":"","fax":"","email":""},"geometry":{"type":"Point","coordinates":[20.430016900000055,53.354]}}]}

„Akademia Niepodległości”, Sebastian Nowakowski:  „Marszałek Józef Piłsudski, jeden z twórców Niepodległej”, dr Marek Pacholec – wykład o polskich działaczach niepodległościowych podczas akcji plebiscytowej na Warmii i Mazurach – Nidzica, 21 maja 2018
