{"type":"FeatureCollection","features":[{"type":"Feature","properties":{"name":"Inauguracja regionalnych obchod\u00f3w 100-lecia odzyskania przez Polsk\u0119 niepodleg\u0142o\u015bci \u2013 Toru\u0144, 14 maja 2018","description":"","icon":{"link":"\/dokumenty\/mapy\/94.png","x":18,"y":43,"width":36,"height":43},"img":{"width":100,"height":100,"mini":"\/dokumenty\/mapy\/p_2353_m1.jpg","full":"\/dokumenty\/mapy\/p_2353.jpg"},"link":"\/mn\/maps\/p2353,Inauguracja-regionalnych-obchodow-100-lecia-odzyskania-przez-Polske-niepodleglos.html","url":"https:\/\/mojaniepodlegla.pl\/mn\/aktualnosci\/3958,Inauguracja-regionalnych-obchodow-100-lecia-odzyskania-przez-Polske-niepodleglos.html","address":"Urz\u0119dem Marsza\u0142kowskim w Toruniu","zipcode":"","province":"","county":"","community":"","city":"","phone1":"","phone2":"","fax":"","email":""},"geometry":{"type":"Point","coordinates":[18.60240950000002,53.0129894]}}]}

Inauguracja regionalnych obchodów 100-lecia odzyskania przez Polskę niepodległości – Toruń, 14 maja 2018

Urzędem Marszałkowskim w Toruniu
