{"type":"FeatureCollection","features":[{"type":"Feature","properties":{"name":"\u201eBia\u0142o-czerwony szlak. Moja Niepodleg\u0142a\u201d \u2013 inauguracja \u2013 Ostro\u0142\u0119ka, 21 maja 2018 r.","description":"","icon":{"link":"\/dokumenty\/mapy\/109.png","x":14,"y":14,"width":24,"height":24},"img":{"width":100,"height":57,"mini":"\/dokumenty\/mapy\/p_2365_m1.jpg","full":"\/dokumenty\/mapy\/p_2365.jpg"},"link":"\/mn\/maps\/p2365,Bialo-czerwony-szlak-Moja-Niepodlegla-inauguracja-Ostroleka-21-maja-2018-r.html","url":"https:\/\/mojaniepodlegla.pl\/mn\/aktualnosci\/3982,Bialo-czerwony-szlak-Moja-Niepodlegla-nowy-projekt-Instytutu-Pamieci-Narodowej-2.html","address":"Ostro\u0142\u0119ka ul. Inwalid\u00f3w Wojennych 23","zipcode":"","province":"","county":"","community":"","city":"","phone1":"","phone2":"","fax":"","email":""},"geometry":{"type":"Point","coordinates":[21.57608099999993,53.079702]}}]}

„Biało-czerwony szlak. Moja Niepodległa” – inauguracja – Ostrołęka, 21 maja 2018 r.

Ostrołęka ul. Inwalidów Wojennych 23
