{"type":"FeatureCollection","features":[{"type":"Feature","properties":{"name":"Wystawa \u201eOjcowie Niepodleg\u0142o\u015bci\u201d \u2013 Ostro\u0142\u0119ka, 21 maja 2018","description":"","icon":{"link":"\/dokumenty\/mapy\/79.png","x":15,"y":35,"width":31,"height":35},"img":{"width":100,"height":133,"mini":"\/dokumenty\/mapy\/p_2368_m1.jpg","full":"\/dokumenty\/mapy\/p_2368.jpg"},"link":"\/mn\/maps\/p2368,Wystawa-Ojcowie-Niepodleglosci-Ostroleka-21-maja-2018.html","url":"https:\/\/mojaniepodlegla.pl\/mn\/aktualnosci\/3982,Bialo-czerwony-szlak-Moja-Niepodlegla-nowy-projekt-Instytutu-Pamieci-Narodowej-2.html","address":"Ostro\u0142\u0119ka ul. Inwalid\u00f3w Wojennych 23","zipcode":"","province":"","county":"","community":"","city":"","phone1":"","phone2":"","fax":"","email":""},"geometry":{"type":"Point","coordinates":[21.57608099999993,53.079702]}}]}

Wystawa „Ojcowie Niepodległości” – Ostrołęka, 21 maja 2018

Ostrołęka ul. Inwalidów Wojennych 23
