{"type":"FeatureCollection","features":[{"type":"Feature","properties":{"name":"Konferencja naukowa \u201eNa stos rzucili\u015bmy nasz \u017cycia los\u2026 W setn\u0105 rocznic\u0119 Niepodleg\u0142o\u015bci Polski\u201d \u2013 Kielce, 8\u20139 listopada 2018","description":"","icon":{"link":"\/dokumenty\/mapy\/88.png","x":14,"y":42,"width":39,"height":42},"img":[],"link":"\/mn\/maps\/p2398,Konferencja-naukowa-Na-stos-rzucilismy-nasz-zycia-los-W-setna-rocznice-Niepodleg.html","url":"https:\/\/mojaniepodlegla.pl\/mn\/aktualnosci\/4006,Konferencja-naukowa-Na-stos-rzucilismy-nasz-zycia-los-W-setna-rocznice-Niepodleg.html","address":"kielce rynek 1","zipcode":"","province":"","county":"","community":"","city":"","phone1":"","phone2":"","fax":"","email":""},"geometry":{"type":"Point","coordinates":[20.630717900000036,50.87175389]}}]}

Konferencja naukowa „Na stos rzuciliśmy nasz życia los… W setną rocznicę Niepodległości Polski” – Kielce, 8–9 listopada 2018
