{"type":"FeatureCollection","features":[{"type":"Feature","properties":{"name":"Konferencja \u201eSpo\u0142eczno-gospodarczy bilans otwarcia polskiej niepodleg\u0142o\u015bci w 1918 roku\u201d \u2013 Lubin, 18\u201320 maja 2018","description":"","icon":{"link":"\/dokumenty\/mapy\/88.png","x":14,"y":42,"width":39,"height":42},"img":[],"link":"\/mn\/maps\/p2476,Konferencja-Spoleczno-gospodarczy-bilans-otwarcia-polskiej-niepodleglosci-w-1918.html","url":"https:\/\/mojaniepodlegla.pl\/mn\/aktualnosci\/4093,Konferencja-Spoleczno-gospodarczy-bilans-otwarcia-polskiej-niepodleglosci-w-1918.html","address":"lubin ul. Armii Krajowej 1","zipcode":"","province":"","county":"","community":"","city":"","phone1":"","phone2":"","fax":"","email":""},"geometry":{"type":"Point","coordinates":[16.20448799999997,51.3989675]}}]}

Konferencja „Społeczno-gospodarczy bilans otwarcia polskiej niepodległości w 1918 roku” – Lubin, 18–20 maja 2018
