{"type":"FeatureCollection","features":[{"type":"Feature","properties":{"name":"\u201eAkademia Niepodleg\u0142o\u015bci\u201d dr hab. Karol Sacewicz: \u201ePa\u0144stwowotw\u00f3rczy wysi\u0142ek przed listopadem 1918 r.\u201d \u2013 Gietrzwa\u0142d, 25 maja 2018","description":"","icon":{"link":"\/dokumenty\/mapy\/85.png","x":15,"y":41,"width":31,"height":41},"img":[],"link":"\/mn\/maps\/p2479,Akademia-Niepodleglosci-dr-hab-Karol-Sacewicz-Panstwowotworczy-wysilek-przed-lis.html","url":"https:\/\/bialystok.ipn.gov.pl\/pl1\/aktualnosci\/52528,O-gen-Jozefie-Hallerze-w-Akademii-Niepodleglosci-Gietrzwald-25-maja-2018.html","address":"Gminnym O\u015brodku Kultury w Gietrzwa\u0142dzie","zipcode":"","province":"","county":"","community":"","city":"","phone1":"","phone2":"","fax":"","email":""},"geometry":{"type":"Point","coordinates":[20.235018200000013,53.7474018]}}]}

„Akademia Niepodległości” dr hab. Karol Sacewicz: „Państwowotwórczy wysiłek przed listopadem 1918 r.” – Gietrzwałd, 25 maja 2018

Gminnym Ośrodku Kultury w Gietrzwałdzie
