{"type":"FeatureCollection","features":[{"type":"Feature","properties":{"name":"Gala projektu edukacyjnego \u201eKamienie Pami\u0119ci. Nieznany bohater niepodleg\u0142o\u015bci\u201d \u2013 Krak\u00f3w, 23\u201324 maja 2018","description":"","icon":{"link":"\/dokumenty\/mapy\/91.png","x":17,"y":33,"width":33,"height":33},"img":{"width":100,"height":71,"mini":"\/dokumenty\/mapy\/p_2485_m1.jpg","full":"\/dokumenty\/mapy\/p_2485.jpg"},"link":"\/mn\/maps\/p2485,Gala-projektu-edukacyjnego-Kamienie-Pamieci-Nieznany-bohater-niepodleglosci-Krak.html","url":"https:\/\/mojaniepodlegla.pl\/mn\/edukacja\/4054,Gala-projektu-edukacyjnego-Kamienie-Pamieci-Nieznany-bohater-niepodleglosci-Krak.html","address":"Hotel Best Western Premier Krakow, ul. Opolska 14a","zipcode":"","province":"","county":"","community":"","city":"","phone1":"","phone2":"","fax":"","email":""},"geometry":{"type":"Point","coordinates":[19.914616000000027,50.091]}}]}

Gala projektu edukacyjnego „Kamienie Pamięci. Nieznany bohater niepodległości” – Kraków, 23–24 maja 2018
