{"type":"FeatureCollection","features":[{"type":"Feature","properties":{"name":"III Og\u00f3lnopolska Konferencja Archiwist\u00f3w i Historyk\u00f3w \u201eEducare necesse est...\u201d \u2013 Warszawa, 7\u20138 czerwca 2018","description":"","icon":{"link":"\/dokumenty\/mapy\/88.png","x":14,"y":42,"width":39,"height":42},"img":{"width":100,"height":119,"mini":"\/dokumenty\/mapy\/p_2488_m1.jpg","full":"\/dokumenty\/mapy\/p_2488.jpg"},"link":"\/mn\/maps\/p2488,III-Ogolnopolska-Konferencja-Archiwistow-i-Historykow-Educare-necesse-est-Warsza.html","url":"https:\/\/mojaniepodlegla.pl\/mn\/aktualnosci\/4132,III-Ogolnopolska-Konferencja-Archiwistow-i-Historykow-Educare-necesse-est-Warsza.html","address":"Krakowskie Przedmie\u015bcie 26\/28","zipcode":"","province":"","county":"","community":"","city":"","phone1":"","phone2":"","fax":"","email":""},"geometry":{"type":"Point","coordinates":[21.017273599999953,52.2397167]}}]}

III Ogólnopolska Konferencja Archiwistów i Historyków „Educare necesse est...” – Warszawa, 7–8 czerwca 2018

Krakowskie Przedmieście 26/28
