{"type":"FeatureCollection","features":[{"type":"Feature","properties":{"name":"Premiera animowanego filmu edukacyjnego \u201eCo by by\u0142o, gdyby zwierz\u0119ta m\u00f3wi\u0142y? Ba\u015bka Murma\u0144ska\u201d \u2013 Warszawa, 25 maja 2018","description":"","icon":{"link":"\/dokumenty\/mapy\/94.png","x":18,"y":43,"width":36,"height":43},"img":{"width":100,"height":143,"mini":"\/dokumenty\/mapy\/p_2494_m1.jpg","full":"\/dokumenty\/mapy\/p_2494.jpg"},"link":"\/mn\/maps\/p2494,Premiera-animowanego-filmu-edukacyjnego-Co-by-bylo-gdyby-zwierzeta-mowily-Baska-.html","url":"https:\/\/mojaniepodlegla.pl\/mn\/aktualnosci\/4327,Niedzwiedzica-Baska-Murmanska-opowiedziala-o-niepodleglosci-Warszawa-25-maja-201.html","address":"Marsza\u0142kowskiej 21\/25 w Warszawie","zipcode":"","province":"","county":"","community":"","city":"","phone1":"","phone2":"","fax":"","email":""},"geometry":{"type":"Point","coordinates":[21.01905839999995,52.2173701]}}]}

Premiera animowanego filmu edukacyjnego „Co by było, gdyby zwierzęta mówiły? Baśka Murmańska” – Warszawa, 25 maja 2018

Marszałkowskiej 21/25 w Warszawie
