{"type":"FeatureCollection","features":[{"type":"Feature","properties":{"name":"Rajd \u201eO Niepodleg\u0142\u0105 \u2013 szlakami Langiewicza, Hubala i Ponurego\u201d \u2013 G\u00f3ry \u015awi\u0119tokrzyskie, 15-17 czerwca","description":"","icon":{"link":"\/dokumenty\/mapy\/94.png","x":18,"y":43,"width":36,"height":43},"img":{"width":100,"height":142,"mini":"\/dokumenty\/mapy\/p_2512_m1.jpg","full":"\/dokumenty\/mapy\/p_2512.jpg"},"link":"\/mn\/maps\/p2512,Rajd-O-Niepodlegla-szlakami-Langiewicza-Hubala-i-Ponurego-Gory-Swietokrzyskie-15.html","url":"https:\/\/mojaniepodlegla.pl\/mn\/aktualnosci\/4228,Rajd-O-Niepodlegla-szlakami-Langiewicza-Hubala-i-Ponurego-Gory-Swietokrzyskie-15.html","address":"W\u0105chocko","zipcode":"","province":"","county":"","community":"","city":"","phone1":"","phone2":"","fax":"","email":""},"geometry":{"type":"Point","coordinates":[21.01244010000005,51.07359]}}]}

Rajd „O Niepodległą – szlakami Langiewicza, Hubala i Ponurego” – Góry Świętokrzyskie, 15-17 czerwca

Wąchocko
