{"type":"FeatureCollection","features":[{"type":"Feature","properties":{"name":"\u201eOd niepodleg\u0142o\u015bci do niepodleg\u0142o\u015bci\u201d \u2013 profesor Jan \u017baryn zaprasza","description":"Przystanek Historia - Centrum Edukacyjne IPN im. Janusza Kurtyki organizuje pocz\u0105wszy od wrze\u015bnia 2017 roku comiesi\u0119czne spotkania dla wszystkich zainteresowanych histori\u0105 najnowsz\u0105. ","icon":{"link":"\/dokumenty\/mapy\/91.png","x":17,"y":33,"width":33,"height":33},"img":{"width":100,"height":143,"mini":"\/dokumenty\/mapy\/p_2533_m1.jpg","full":"\/dokumenty\/mapy\/p_2533.jpg"},"link":"\/mn\/maps\/p2533,Od-niepodleglosci-do-niepodleglosci-profesor-Jan-Zaryn-zaprasza.html","url":"https:\/\/mojaniepodlegla.pl\/mn\/edukacja\/4384,Od-niepodleglosci-do-niepodleglosci-profesor-Jan-Zaryn-zaprasza.html","address":"przystanek historia warszawa","zipcode":"","province":"","county":"","community":"","city":"","phone1":"","phone2":"","fax":"","email":""},"geometry":{"type":"Point","coordinates":[21.019015699999954,52.2173641]}}]}

„Od niepodległości do niepodległości” – profesor Jan Żaryn zaprasza

Przystanek Historia - Centrum Edukacyjne IPN im. Janusza Kurtyki organizuje począwszy od września 2017 roku comiesięczne spotkania dla wszystkich zainteresowanych historią najnowszą.
