{"type":"FeatureCollection","features":[{"type":"Feature","properties":{"name":"Og\u00f3lnopolska konferencja naukowa \u201eW 100-lecie odzyskania przez Polsk\u0119 niepodleg\u0142o\u015bci\u201d \u2013 Tomasz\u00f3w Mazowiecki, 18 czerwca 2018","description":"","icon":{"link":"\/dokumenty\/mapy\/88.png","x":14,"y":42,"width":39,"height":42},"img":{"width":100,"height":140,"mini":"\/dokumenty\/mapy\/p_2542_m1.jpg","full":"\/dokumenty\/mapy\/p_2542.jpg"},"link":"\/mn\/maps\/p2542,Ogolnopolska-konferencja-naukowa-W-100-lecie-odzyskania-przez-Polske-niepodleglo.html","url":"https:\/\/mojaniepodlegla.pl\/mn\/aktualnosci\/4549,Ogolnopolska-konferencja-naukowa-W-100-lecie-odzyskania-przez-Polske-niepodleglo.html?sid=414de27c0421ef3d13a3b737cb21cc5b","address":"ul. Ignacego Mo\u015bcickiego 22\/24 tomasz\u00f3w mazowiecki","zipcode":"","province":"","county":"","community":"","city":"","phone1":"","phone2":"","fax":"","email":""},"geometry":{"type":"Point","coordinates":[20.0147465,51.529778]}}]}

Ogólnopolska konferencja naukowa „W 100-lecie odzyskania przez Polskę niepodległości” – Tomaszów Mazowiecki, 18 czerwca 2018

ul. Ignacego Mościckiego 22/24 tomaszów mazowiecki
