{"type":"FeatureCollection","features":[{"type":"Feature","properties":{"name":"Wyk\u0142ad o J\u00f3zefie Pi\u0142sudskim i otwarcie wystawy \u201eOjcowie Niepodleg\u0142o\u015bci\u201d \u2013 Zgorzelec, 7 czerwca 2018","description":"","icon":{"link":"\/dokumenty\/mapy\/88.png","x":14,"y":42,"width":39,"height":42},"img":{"width":100,"height":71,"mini":"\/dokumenty\/mapy\/p_2560_m1.jpg","full":"\/dokumenty\/mapy\/p_2560.jpg"},"link":"\/mn\/maps\/p2560,Wyklad-o-Jozefie-Pilsudskim-i-otwarcie-wystawy-Ojcowie-Niepodleglosci-Zgorzelec-.html","url":"https:\/\/mojaniepodlegla.pl\/mn\/aktualnosci\/4837,Wyklad-o-Jozefie-Pilsudskim-i-otwarcie-wystawy-Ojcowie-Niepodleglosci-Zgorzelec-.html?sid=9d45bf3e44b8af8acda49a2acf7e51b3","address":"Zespole Szk\u00f3\u0142 Ponadgimnazjalnych im. Emilii Plater w Zgorzelcu","zipcode":"","province":"","county":"","community":"","city":"","phone1":"","phone2":"","fax":"","email":""},"geometry":{"type":"Point","coordinates":[15.0049669,51.13915369999999]}}]}

Wykład o Józefie Piłsudskim i otwarcie wystawy „Ojcowie Niepodległości” – Zgorzelec, 7 czerwca 2018

Zespole Szkół Ponadgimnazjalnych im. Emilii Plater w Zgorzelcu
