{"type":"FeatureCollection","features":[{"type":"Feature","properties":{"name":"Mi\u0119dzynarodowa konferencja naukowa \u201eMagna Res Libertas. Ku Niepodleg\u0142ej. W 100-lecie odzyskania przez Polsk\u0119 niepodleg\u0142o\u015bci\u201d \u2013 Rapperswil, 21\u201322 czerwca 2018","description":"","icon":{"link":"\/dokumenty\/mapy\/88.png","x":14,"y":42,"width":39,"height":42},"img":{"width":100,"height":66,"mini":"\/dokumenty\/mapy\/p_2602_m1.jpg","full":"\/dokumenty\/mapy\/p_2602.jpg"},"link":"\/mn\/maps\/p2602,Miedzynarodowa-konferencja-naukowa-Magna-Res-Libertas-Ku-Niepodleglej-W-100-leci.html","url":"https:\/\/mojaniepodlegla.pl\/mn\/aktualnosci\/5353,Miedzynarodowa-konferencja-naukowa-Magna-Res-Libertas-Ku-Niepodleglej-W-100-leci.html","address":"zamech schloss raperswil","zipcode":"","province":"","county":"","community":"","city":"","phone1":"","phone2":"","fax":"","email":""},"geometry":{"type":"Point","coordinates":[8.815628199999992,47.2273569]}}]}

Międzynarodowa konferencja naukowa „Magna Res Libertas. Ku Niepodległej. W 100-lecie odzyskania przez Polskę niepodległości” – Rapperswil, 21–22 czerwca 2018
