{"type":"FeatureCollection","features":[{"type":"Feature","properties":{"name":"\u201eAkademia Niepodleg\u0142o\u015bci\u201d dr Rafa\u0142 Sierchu\u0142a: \u201eGenera\u0142 J\u00f3zef Haller. \u017bo\u0142nierz, spo\u0142ecznik, polityk\u201d \u2013 Dzia\u0142dowo, 13 czerwca 2018","description":"","icon":{"link":"\/dokumenty\/mapy\/85.png","x":15,"y":41,"width":31,"height":41},"img":{"width":100,"height":65,"mini":"\/dokumenty\/mapy\/p_2605_m1.jpg","full":"\/dokumenty\/mapy\/p_2605.jpg"},"link":"\/mn\/maps\/p2605,Akademia-Niepodleglosci-dr-Rafal-Sierchula-General-Jozef-Haller-Zolnierz-spolecz.html","url":"https:\/\/mojaniepodlegla.pl\/mn\/aktualnosci\/5416,Juz-po-raz-czwarty-spotkamy-sie-w-ramach-Akademii-Niepodleglosci-w-Dzialdowie-13.html","address":"Dzia\u0142dowo polna 11a","zipcode":"","province":"","county":"","community":"","city":"","phone1":"","phone2":"","fax":"","email":""},"geometry":{"type":"Point","coordinates":[20.16790089999995,53.2309442]}}]}

„Akademia Niepodległości” dr Rafał Sierchuła: „Generał Józef Haller. Żołnierz, społecznik, polityk” – Działdowo, 13 czerwca 2018

Działdowo polna 11a
