{"type":"FeatureCollection","features":[{"type":"Feature","properties":{"name":"\u201eAkademia Niepodleg\u0142o\u015bci\u201d dr hab. Tomasz Panfil:  \u201eKorpusy i B\u0142\u0119kitna Armia. J\u00f3zef Haller\u201d \u2013 \u015awidnik, 13 czerwca 2018","description":"","icon":{"link":"\/dokumenty\/mapy\/85.png","x":15,"y":41,"width":31,"height":41},"img":{"width":100,"height":65,"mini":"\/dokumenty\/mapy\/p_2611_m1.jpg","full":"\/dokumenty\/mapy\/p_2611.jpg"},"link":"\/mn\/maps\/p2611,Akademia-Niepodleglosci-dr-hab-Tomasz-Panfil-Korpusy-i-Blekitna-Armia-Jozef-Hall.html","url":"https:\/\/lublin.ipn.gov.pl\/pl5\/aktualnosci\/53614,Akademia-Niepodleglosci-Korpusy-i-Blekitna-Armia-Jozef-Haller-Swidnik-13-czerwca.html","address":"Al. Lotnik\u00f3w Polskich 24,\u015awidnik","zipcode":"","province":"","county":"","community":"","city":"","phone1":"","phone2":"","fax":"","email":""},"geometry":{"type":"Point","coordinates":[22.693596999999954,51.2201509]}}]}

„Akademia Niepodległości” dr hab. Tomasz Panfil:  „Korpusy i Błękitna Armia. Józef Haller” – Świdnik, 13 czerwca 2018

Al. Lotników Polskich 24,Świdnik
