{"type":"FeatureCollection","features":[{"type":"Feature","properties":{"name":"Wystawa \u201eOjcowie Niepodleg\u0142o\u015bci&amp;quot; \u2013 O\u015bwi\u0119cim, 27 czerwca 2018","description":"","icon":{"link":"\/dokumenty\/mapy\/79.png","x":15,"y":35,"width":31,"height":35},"img":{"width":100,"height":133,"mini":"\/dokumenty\/mapy\/p_4666_m1.jpg","full":"\/dokumenty\/mapy\/p_4666.jpg"},"link":"\/mn\/maps\/p4666,Wystawa-Ojcowie-Niepodleglosciquot-Oswiecim-27-czerwca-2018.html","url":"https:\/\/mojaniepodlegla.pl\/mn\/aktualnosci\/5854,Otwarcie-wystawy-Ojcowie-Niepodleglosci-Lubichowo-27-czerwca-2018.html","address":"Zespo\u0142u Szk\u00f3\u0142 Zawodowych Towarzystwa Salezja\u0144skiego","zipcode":"","province":"","county":"","community":"","city":"","phone1":"","phone2":"","fax":"","email":""},"geometry":{"type":"Point","coordinates":[19.219978200000014,50.0368796]}}]}

Wystawa „Ojcowie Niepodległości&amp;quot; – Oświęcim, 27 czerwca 2018

Zespołu Szkół Zawodowych Towarzystwa Salezjańskiego
