{"type":"FeatureCollection","features":[{"type":"Feature","properties":{"name":"\u201eBia\u0142o-czerwony szlak. Moja Niepodleg\u0142a\u201d \u2013 O\u015bwi\u0119cim, 27 czerwca 2018","description":"","icon":{"link":"\/dokumenty\/mapy\/109.png","x":14,"y":14,"width":24,"height":24},"img":{"width":100,"height":57,"mini":"\/dokumenty\/mapy\/p_5689_m1.jpg","full":"\/dokumenty\/mapy\/p_5689.jpg"},"link":"\/mn\/maps\/p5689,Bialo-czerwony-szlak-Moja-Niepodlegla-Oswiecim-27-czerwca-2018.html","url":"https:\/\/mojaniepodlegla.pl\/mn\/aktualnosci\/5860,Bialo-czerwony-szlak-Moja-Niepodlegla-wystawa-quotOjcowie-Niepodleglosciquot-w-O.html","address":"Zespo\u0142u Szk\u00f3\u0142 Zawodowych Towarzystwa Salezja\u0144skiego","zipcode":"","province":"","county":"","community":"","city":"","phone1":"","phone2":"","fax":"","email":""},"geometry":{"type":"Point","coordinates":[19.219978200000014,50.0368796]}}]}

„Biało-czerwony szlak. Moja Niepodległa” – Oświęcim, 27 czerwca 2018

Zespołu Szkół Zawodowych Towarzystwa Salezjańskiego
