{"type":"FeatureCollection","features":[{"type":"Feature","properties":{"name":"Konferencja naukowa \u201eWk\u0142ad le\u015bnik\u00f3w w czyn niepodleg\u0142o\u015bciowy\u201d \u2013 Spa\u0142a, 19-20 czerwca 2018","description":"","icon":{"link":"\/dokumenty\/mapy\/88.png","x":14,"y":42,"width":39,"height":42},"img":[],"link":"\/mn\/maps\/p5695,Konferencja-naukowa-Wklad-lesnikow-w-czyn-niepodleglosciowy-Spala-19-20-czerwca-.html","url":"https:\/\/mojaniepodlegla.pl\/mn\/konferencje-i-wyklady\/5851,Konferencja-naukowa-Wklad-lesnikow-w-czyn-niepodleglosciowy-Spala-19-20-czerwca-.html","address":"Centralnym O\u015brodku Sportu,Spa\u0142a","zipcode":"","province":"","county":"","community":"","city":"","phone1":"","phone2":"","fax":"","email":""},"geometry":{"type":"Point","coordinates":[20.147604099999967,51.540199]}}]}

Konferencja naukowa „Wkład leśników w czyn niepodległościowy” – Spała, 19-20 czerwca 2018

Centralnym Ośrodku Sportu,Spała
